r(y) - 8*x(y). Calculate q(-1).
-1
Let u(w) = w**2 - w + 3. Let b be u(4). Suppose -j - 3 = 3*c - b, 4*j = -5*c + 20. Let l(t) = -2*t + 1. Calculate l(c).
-7
Suppose -4*d - 66 = -58. Let c(n) = n**3 - n. Calculate c(d).
-6
Let j(c) be the second derivative of -c**5/20 + c**4/6 - c**3/3 - c**2/2 + 4*c. Give j(2).
-5
Let h(k) = 6*k**3 - 2*k**2 + k. Suppose 6*p - 2*p + 5*u - 14 = 0, 2*p - 5*u = -8. Calculate h(p).
5
Let z(l) be the first derivative of l**4/4 + 4*l**3/3 - l**2 - 4*l + 6. Give z(-4).
4
Let p(k) = 3 - 4 - k - 2 - 4. Calculate p(-6).
-1
Suppose 16 + 2 = w. Let g be (5/(-15))/((-2)/w). Let b(p) = -1 + 0*p**3 + 8 + p**g + p**2. What is b(0)?
7
Let y(s) be the third derivative of -s**9/60480 - s**8/3360 + s**7/720 - s**6/180 - s**5/60 + 5*s**2. Let g(p) be the third derivative of y(p). Determine g(-7).
-4
Let x(t) = -5*t**2 + 5*t - 3. Let z(a) = -11*a**2 + 11*a - 7. Let n(j) = -9*x(j) + 4*z(j). Let c be n(0). Let d(k) = -8*k. Give d(c).
8
Let f be (16/(-40))/(2/(-10)). Let w(o) = 3*o + 1. Let s(j) = -13*j - 4. Let i(q) = f*s(q) + 9*w(q). Give i(3).
4
Suppose 5*o + 3*h - 2*h = 22, -16 = -2*o + 2*h. Let k(v) = -2*v + 4. What is k(o)?
-6
Suppose v + 3*v = -8, 0 = 2*p - 2*v - 12. Let l(h) = -h - 3. Let n(g) = g + 2 + 3*g - 2*g + 1. Let k(m) = 4*l(m) + 3*n(m). Give k(p).
5
Let b(j) = 10*j + 4. Let t(f) = 2*f + 1. Let w(m) = 3*b(m) - 16*t(m). Give w(4).
-12
Suppose -4*y + 7 = -1. Let g be (-2)/8 - y/(-8). Suppose 2*w + 2*i - 18 = g, -2*w + 3*i - 11 = -w. Let h(m) = 2*m - 2. Calculate h(w).
6
Let k(j) = -j**2 + 2*j**2 - j + 2 - j. Determine k(2).
2
Let i(m) = -3*m**2 + m - 3. Let d be (-2)/11 + (-53)/11. Let b(h) be the first derivative of 2*h**3 - h**2 + 7*h + 3. Let u(o) = d*i(o) - 2*b(o). What is u(1)?
3
Let j be (-4*10)/(-5) + -3*1. Let n(g) = 2*g**2 - 7*g - 1. Calculate n(j).
14
Let p(w) = -5*w**2 + 3*w + 1. Suppose 2*z = 4 - 2. Let t(s) = s**2 - s - 1. Let v(g) = z*p(g) + 4*t(g). Give v(0).
-3
Let r be 0 - 3*(-6)/(-9). Let o be r/(-4)*-4*2. Let n(w) = -3*w - 7. Let g(b) = -5*b - 13. Let q(m) = -4*g(m) + 7*n(m). Determine q(o).
7
Let m(w) = 3 + w + 2*w - 2. What is m(3)?
10
Suppose 0 = -4*v + 1 + 7. Let k = v + 0. Let u(z) = -3*z. Determine u(k).
-6
Let p(j) be the second derivative of -3/10*j**5 - 1/6*j**3 + 0 + 0*j**2 + 1/12*j**4 - 3*j. Give p(1).
-6
Let w(h) = -87*h + 14 - 89*h + 177*h. What is w(-10)?
4
Let j be (-3 - -1)/((-3)/6). Let v(m) = -m**2 + 3*m - 6. What is v(j)?
-10
Let w be 4/(8/6) - -2. Let z = w - 2. Let h(p) = p**2 - 2*p - 4. Determine h(z).
-1
Suppose 13 = 6*d - 17. Let y(z) = -z**2 + 5*z - 2. What is y(d)?
-2
Let k = -4 - -10. Let g(n) = n**2 + 7*n + 3. Let t(l) = -l**2 - 7*l - 2. Let h(r) = k*t(r) + 5*g(r). Give h(-6).
9
Let u(v) be the second derivative of 1/2*v**3 - 1/6*v**4 + 0*v**2 + 0 + 2*v + 1/60*v**5. Let q(z) be the second derivative of u(z). Give q(5).
6
Suppose m + 2*m + 2*m = 0. Let q(b) = b**3 - b**2 - b + 3. What is q(m)?
3
Let d(t) be the second derivative of t**4/12 + t**3/6 - t**2/2 + 2*t. What is d(-3)?
5
Let d(u) = -4*u - 7. Let x = -2 - -4. Let s(n) = -n - 1. Let l(q) = x*s(q) - d(q). Calculate l(-4).
-3
Let j(s) = -s**3 - 8*s**2 - 4*s + 5. Let c(q) = q**2 + q. Let l(k) = 3*c(k) + j(k). Let n = 1 + 1. Suppose -b - 13 = -4*h - 0, 0 = n*b + 5*h. Give l(b).
10
Suppose -3*t + 18 + 1 = 4*c, 4*t = -4*c + 16. Let j(b) = b + 0*b - c - 1. Let m be (-14)/(-4) - (-1)/2. Give j(m).
-4
Suppose 3*d = -2*z - 3, -z = 5*d - 6*z + 5. Let k be -1*(d + -2 + 3). Let h(i) = -i + 4. Determine h(k).
4
Let t(a) be the first derivative of 0*a + 1 - 2/3*a**3 - 3/2*a**2. What is t(-3)?
-9
Let b(g) = g**2 + 4*g - 2. Let z be b(-5). Let d = z + -4. Let s = d - 0. Let f(c) = -5*c + 1. Determine f(s).
6
Let n(s) be the first derivative of -s**2/2 - 4. Let x be ((-10)/1)/(-4 - -2). What is n(x)?
-5
Let o(i) = -i - 10. Suppose 0 = -4*f + 2*h - 19 - 21, 3*f - 4*h = -40. Give o(f).
-2
Let v(z) be the first derivative of -5/3*z**3 - 1/4*z**4 - 2*z**2 - 2 + 2*z. Suppose 20 = -t - 4*t. Calculate v(t).
2
Let x(n) = -2*n - 4. Let u(c) = c**2 + 6*c + 4. Let s be u(-4). Let f(w) = w**2 + 4*w + 5. Let j be f(s). Let h = j + -9. Calculate x(h).
4
Let a(t) = 2*t**2 + 2*t + 1. Let u(o) = o**3 + o - 1. Let w(n) = -a(n) + u(n). Give w(3).
4
Let h(w) = 1 + 4 - 5*w - 5. Let q(a) = -4*a. Let i(j) = -3*h(j) + 4*q(j). What is i(2)?
-2
Let z(y) = -2*y. Let u(g) = -g**2 - 2*g + 4. Let d = 4 + -7. Let r be u(d). Determine z(r).
-2
Suppose 0 = 5*p + 4*z - 8 - 62, -3*p + 3*z + 15 = 0. Let j = p + -5. Let m(q) = q**3 - 5*q**2 - 2*q - 1. Give m(j).
-11
Let u(j) = -j**3 + j - 2*j**2 + 7*j**3 - j**3. Determine u(1).
4
Let y(k) = -k**2 + 4*k + 2. Let l be y(4). Let g(d) = -7 - l + 0 + d. Let v(x) = 1. Let m(j) = -g(j) - 4*v(j). Give m(6).
-1
Suppose 0*x = 5*x. Let y = -3 - x. Let u(j) = j**2 + 5*j + 3. Give u(y).
-3
Let r(l) = l**3 + 5*l**2 - 6*l + 3. Suppose 10*w + 19 + 41 = 0. Give r(w).
3
Suppose -4*l + 8 = -0. Let c(a) = -6 - 3*a + l + 5*a. Suppose 5*r + 3*i - i - 29 = 0, r - 13 = -4*i. What is c(r)?
6
Suppose -3*c = -5*v + 6 - 47, v - c = -9. Let f be (-1)/(-4) - v/4. Let n(g) = -g**2 + f*g + 0*g - g - 2*g + 4. Determine n(-3).
-2
Suppose 49 = -12*w - 11. Let x(i) = i + 5. Let z be x(-6). Let j(m) = -2*m - 11. Let u(g) = -1. Let q(k) = z*j(k) + 5*u(k). Determine q(w).
-4
Let y(s) = 9*s + s - 1 + 9 + 0*s**3 + 8*s**2 + s**3. What is y(-7)?
-13
Let f be (-2)/1 + (5 - 6). Let h(d) = -d**2 + 4 - 11*d - 7*d - 4*d + 20*d. Determine h(f).
1
Let j = 181 + -182. Let x(o) = 10*o**2 + o. Determine x(j).
9
Let h be 6/9*4 - (-4)/12. Let x(v) = -5*v - 2. What is x(h)?
-17
Let q(l) = -l**3 + 3*l**2 + 2*l - 4. Suppose -3*y - 4*u - 33 = 0, 0 = 2*y - 4*y + 5*u + 1. Let i = -3 - y. Determine q(i).
-12
Let x(c) = -6*c + 7*c - 2*c - 1. Let q(p) = 6*p + 2. Let v(o) = q(o) + 4*x(o). Determine v(4).
6
Let k(t) be the third derivative of t**5/60 - 5*t**4/12 + 5*t**3/3 + t**2 + 2*t. Determine k(8).
-6
Let r(z) = -4*z - 1. Suppose 0 = 4*x - 0*x + 5*o - 2, 0 = 3*x + o + 4. Let d be ((-12)/18)/(x/(-6)). Give r(d).
7
Suppose 2*b = -5*k - 2, -3*b + k - 2 = 1. Let d = 2 + b. Let w(y) = 3*y**3 + 1. Give w(d).
4
Let l(h) = 4*h**2 - 2*h + 2. Let z be l(1). Let s be (z - 14)*(-4)/(-10). Let n(c) = c**2 + 2*c + 2. Determine n(s).
10
Let y(j) be the third derivative of 11*j**5/60 - 6*j**2. What is y(-1)?
11
Let s = 2 - 1. Let p = 0 + s. Let g(b) = -6*b**2 + 5*b**2 - 5*b**2. What is g(p)?
-6
Let x(a) be the third derivative of -a**5/60 - a**4/24 + a**3/6 + 17*a**2. Give x(2).
-5
Let h(q) = -q**2 - q + 5. Let a be (-16 + 2*-1)/(-1). Suppose -k = -4*k + a. Suppose -c = -k*c. Calculate h(c).
5
Let v(p) = -2*p + 2. Let q be v(2). Let c(y) be the third derivative of y**6/60 + y**5/15 + y**4/12 - y**3/3 - 12*y**2. What is c(q)?
-6
Let d(m) = -m**3 - 4*m**2 + 4. Let v(c) = -c**3 + 5*c**2 - 5. Let s be v(5). Let f = s - -1. Determine d(f).
4
Let j(n) = 7*n + 17. Let u(o) = 3*o + 8. Let y(q) = 2*j(q) - 5*u(q). Determine y(-4).
-2
Let q(o) = -2*o - 1. Let a(t) = -t + 16. Let d be a(0). Suppose -3*h - 7 = -4*h + 4*c, 5*h - d = c. Suppose f - h = -0. Determine q(f).
-7
Suppose -f - 5*o - 2 = -3*o, -5*f = -2*o + 22. Let n(w) = -w**2 - 5*w - 3. Calculate n(f).
1
Let n(c) = 5*c + 1. Let o = -32 + 30. Determine n(o).
-9
Let l(b) = b**3 - 3*b**2 - 6*b + 3. Suppose n = 6 - 2. Give l(n).
-5
Let s(d) = d + 9. Let p = -9 + 3. Determine s(p).
3
Let b = 5 + -3. Let g be 2*b/(-4) + -4. Let s(n) = n**3 + 6*n**2 + 6*n + 7. Determine s(g).
2
Suppose 19 = 2*r + 3*w, -r - w - 4*w = -27. Let p(z) = -3 - 2*z**2 + 6 - 2. Give p(r).
-7
Let v(z) = z + 1. Let d be (-4)/22 - 140/(-44). Calculate v(d).
4
Let x be (2/6)/(9/162). Let j(y) = 1 - x - 1 + 9 - 2*y. Give j(6).
-9
Let p(w) be the second derivative of w**4/12 + 3*w. Let z(a) = -3*a**2 + 2*a - 2. Let v(u) = 4*p(u) + z(u). Determine v(-3).
1
Let v(d) = 7*d**2 - d**2 + 2 - 2*d**2 - d**3 - 4. Give v(3).
7
Let r(z) = -z**2 + 3*z. Let t(u) = 5*u**2 - 11*u - 1. Let d(x) = -9*r(x) - 2*t(x). Let m be (-69)/18 - 1/6. Determine d(m).
6
Let z(r) = -23*r - 235. Let v be z(-10). Let f(t) be the third derivative of -t**5/60 - t**4/8 - t**3/6 - t**2. Give f(v).
-11
Let j(r) = -4 + 4*r - 12*r + 353*r**2 - 354*r**2. Calculate j(-3).
11
Let t(d) = d + 1. Let z(c) = 1 - 4*c + 0 - c**2 + 1